{"id":759,"date":"2023-09-25T09:44:57","date_gmt":"2023-09-25T09:44:57","guid":{"rendered":"http:\/\/www.ceamtraining.com\/?page_id=759"},"modified":"2023-09-25T10:11:13","modified_gmt":"2023-09-25T10:11:13","slug":"presentacion-de-la-temporada","status":"publish","type":"page","link":"http:\/\/www.ceamtraining.com\/index.php\/presentacion-de-la-temporada\/","title":{"rendered":"Presentaci\u00f3n de la temporada"},"content":{"rendered":"\t\t<div data-elementor-type=\"wp-page\" data-elementor-id=\"759\" class=\"elementor elementor-759\">\n\t\t\t\t\t\t<section class=\"elementor-section elementor-top-section elementor-element elementor-element-dd884e8 elementor-section-boxed elementor-section-height-default elementor-section-height-default\" data-id=\"dd884e8\" data-element_type=\"section\" data-e-type=\"section\">\n\t\t\t\t\t\t<div class=\"elementor-container elementor-column-gap-default\">\n\t\t\t\t\t<div class=\"elementor-column elementor-col-100 elementor-top-column elementor-element elementor-element-d9ced9e\" data-id=\"d9ced9e\" data-element_type=\"column\" data-e-type=\"column\">\n\t\t\t<div class=\"elementor-widget-wrap elementor-element-populated\">\n\t\t\t\t\t\t<div class=\"elementor-element elementor-element-4814cf6 elementor-widget elementor-widget-heading\" data-id=\"4814cf6\" data-element_type=\"widget\" data-e-type=\"widget\" data-widget_type=\"heading.default\">\n\t\t\t\t<div class=\"elementor-widget-container\">\n\t\t\t\t\t<h5 class=\"elementor-heading-title elementor-size-medium\">Reuni\u00f3n de inicio de la temporada 23-24 con: atletas y staff t\u00e9cnico (entrenadores, colaboradores y convenios).<br>En la sala de formaci\u00f3n de la Mar Bella, se asentaron las bases organizativas de la temporada. <br>Donde un gran equipo ser\u00e1 la herramienta principal de los atletas para su mejor desarrollo.:<\/h5>\t\t\t\t<\/div>\n\t\t\t\t<\/div>\n\t\t\t\t\t<\/div>\n\t\t<\/div>\n\t\t\t\t\t<\/div>\n\t\t<\/section>\n\t\t\t\t<section class=\"elementor-section elementor-top-section elementor-element elementor-element-26c92a4 elementor-section-boxed elementor-section-height-default elementor-section-height-default\" data-id=\"26c92a4\" data-element_type=\"section\" data-e-type=\"section\">\n\t\t\t\t\t\t<div class=\"elementor-container elementor-column-gap-default\">\n\t\t\t\t\t<div class=\"elementor-column elementor-col-100 elementor-top-column elementor-element elementor-element-9878e4d\" data-id=\"9878e4d\" data-element_type=\"column\" data-e-type=\"column\">\n\t\t\t<div class=\"elementor-widget-wrap elementor-element-populated\">\n\t\t\t\t\t\t<div class=\"elementor-element elementor-element-f64e915 elementor-widget elementor-widget-premium-addon-video-box\" data-id=\"f64e915\" data-element_type=\"widget\" data-e-type=\"widget\" data-settings=\"{&quot;premium_video_box_video_type&quot;:&quot;vimeo&quot;}\" data-widget_type=\"premium-addon-video-box.default\">\n\t\t\t\t<div class=\"elementor-widget-container\">\n\t\t\t\t\t\r\n\t\t\r\n\t\t\t\t\t<div id=\"premium-video-box-container-f64e915\" class=\"premium-video-box-container\" data-overlay=\"true\" data-type=\"vimeo\" data-thumbnail=\"1\" data-hover=\"none\">\r\n\t\t\t\t<div  >\r\n\t\t\t\t\t\t\t<div class=\"premium-video-box-vimeo-wrap\">\r\n\t\t\t\t\t\t<div class=\"premium-video-box-vimeo-portrait\">\r\n\t\t\t\t<a href=\"https:\/\/vimeo.com\/alexiamuntane\" target=\"_blank\">\r\n\t\t\t\t\t<img decoding=\"async\" src=\"https:\/\/i.vimeocdn.com\/portrait\/74316741_300x300?subrect=58%2C551%2C1578%2C2071&#038;r=cover&#038;sig=faa3a2489c6d75ada7f00dee54633eb10d32b279e460d385a55b661af3379689&#038;v=1&#038;region=us\" alt=\"Alexia Muntan\u00e9\">\r\n\t\t\t\t<\/a>\r\n\t\t\t<\/div>\r\n\t\t\t\t\t\t\t\t\t<div class=\"premium-video-box-vimeo-headers\">\r\n\t\t\t\t\t\t\t\t<div class=\"premium-video-box-vimeo-title\">\r\n\t\t\t\t\t<a href=\"https:\/\/vimeo.com\/763934529\" target=\"_blank\">\r\n\t\t\t\t\t\tCEAM - Spot 30seg Atletismo y Redise\u00f1o Logo\t\t\t\t\t<\/a>\r\n\t\t\t\t<\/div>\r\n\t\t\t\t\t\t\t\t\t\t\t\t<div class=\"premium-video-box-vimeo-byline\">\r\n\t\t\t\t\tfrom  <a href=\"https:\/\/vimeo.com\/alexiamuntane\" target=\"_blank\">Alexia Muntan\u00e9<\/a>\r\n\t\t\t\t<\/div>\r\n\t\t\t\t\t\t\t<\/div>\r\n\t\t\t\t\t<\/div>\r\n\t\t\t\t\r\n\t\t\t\t\t<div class=\"premium-video-box-inner-wrap\" data-video-animation=\" animated-\" data-delay-animation=\"\">\r\n\t\t\t\t\t\t<div data-src=\"https:\/\/player.vimeo.com\/video\/763934529?rel=0&amp;muted=0&amp;loop=0&amp;controls=1&amp;color=&amp;title=1&amp;portrait=1&amp;byline=1&amp;autopause=0&amp;#t=\" class=\"premium-video-box-video-container\">\r\n\t\t\t\t\t\t\t\r\n\t\t\t\t\t\t\t\t\t\t\t\t\t<\/div>\r\n\t\t\t\t\t\t\t<div style=\"background-image:url(&#039;http:\/\/www.ceamtraining.com\/wp-content\/plugins\/elementor\/assets\/images\/placeholder.png&#039;)\" class=\"premium-video-box-image-container none\"><\/div>\r\n\t\t\t\t\t\t\t\t\t\t\t\t\t\t\t\t\t\t\t\t\t\t\t\t\t\t\t<div class=\"premium-video-box-play-icon-container\">\r\n\t\t\t\t\t\t\t\t<i class=\"premium-video-box-play-icon fa fa-play fa-lg\"><\/i>\r\n\t\t\t\t\t\t\t<\/div>\r\n\t\t\t\t\t\t\t\t\t\t\t\t\t\t\t\t\t<\/div>\r\n\r\n\t\t\t\t<\/div>\r\n\t\t\t<\/div>\r\n\t\t\r\n\t\t\t\t\t\t<\/div>\n\t\t\t\t<\/div>\n\t\t\t\t\t<\/div>\n\t\t<\/div>\n\t\t\t\t\t<\/div>\n\t\t<\/section>\n\t\t\t\t<section class=\"elementor-section elementor-top-section elementor-element elementor-element-6348c78 elementor-section-boxed elementor-section-height-default elementor-section-height-default\" data-id=\"6348c78\" data-element_type=\"section\" data-e-type=\"section\">\n\t\t\t\t\t\t<div class=\"elementor-container elementor-column-gap-default\">\n\t\t\t\t\t<div class=\"elementor-column elementor-col-100 elementor-top-column elementor-element elementor-element-6220c44\" data-id=\"6220c44\" data-element_type=\"column\" data-e-type=\"column\">\n\t\t\t<div class=\"elementor-widget-wrap elementor-element-populated\">\n\t\t\t\t\t\t<div class=\"elementor-element elementor-element-c1f4c6f elementor-widget__width-initial elementor-arrows-position-inside elementor-pagination-position-outside elementor-widget elementor-widget-image-carousel\" data-id=\"c1f4c6f\" data-element_type=\"widget\" data-e-type=\"widget\" data-settings=\"{&quot;navigation&quot;:&quot;both&quot;,&quot;autoplay&quot;:&quot;yes&quot;,&quot;pause_on_hover&quot;:&quot;yes&quot;,&quot;pause_on_interaction&quot;:&quot;yes&quot;,&quot;autoplay_speed&quot;:5000,&quot;infinite&quot;:&quot;yes&quot;,&quot;speed&quot;:500}\" data-widget_type=\"image-carousel.default\">\n\t\t\t\t<div class=\"elementor-widget-container\">\n\t\t\t\t\t\t\t<div class=\"elementor-image-carousel-wrapper swiper\" role=\"region\" aria-roledescription=\"carousel\" aria-label=\"Image Carousel\" dir=\"ltr\">\n\t\t\t<div class=\"elementor-image-carousel swiper-wrapper\" aria-live=\"off\">\n\t\t\t\t\t\t\t\t<div class=\"swiper-slide\" role=\"group\" aria-roledescription=\"slide\" aria-label=\"1 of 11\"><figure class=\"swiper-slide-inner\"><img decoding=\"async\" class=\"swiper-slide-image\" src=\"http:\/\/www.ceamtraining.com\/wp-content\/uploads\/2023\/09\/Captura-de-pantalla-2023-09-25-a-las-11.50.12.png\" alt=\"Captura de pantalla 2023-09-25 a las 11.50.12\" \/><\/figure><\/div><div class=\"swiper-slide\" role=\"group\" aria-roledescription=\"slide\" aria-label=\"2 of 11\"><figure class=\"swiper-slide-inner\"><img decoding=\"async\" class=\"swiper-slide-image\" src=\"http:\/\/www.ceamtraining.com\/wp-content\/uploads\/2023\/09\/Captura-de-pantalla-2023-09-25-a-las-11.50.24.png\" alt=\"Captura de pantalla 2023-09-25 a las 11.50.24\" \/><\/figure><\/div><div class=\"swiper-slide\" role=\"group\" aria-roledescription=\"slide\" aria-label=\"3 of 11\"><figure class=\"swiper-slide-inner\"><img decoding=\"async\" class=\"swiper-slide-image\" src=\"http:\/\/www.ceamtraining.com\/wp-content\/uploads\/2023\/09\/Captura-de-pantalla-2023-09-25-a-las-11.50.34.png\" alt=\"Captura de pantalla 2023-09-25 a las 11.50.34\" \/><\/figure><\/div><div class=\"swiper-slide\" role=\"group\" aria-roledescription=\"slide\" aria-label=\"4 of 11\"><figure class=\"swiper-slide-inner\"><img decoding=\"async\" class=\"swiper-slide-image\" src=\"http:\/\/www.ceamtraining.com\/wp-content\/uploads\/2023\/09\/Captura-de-pantalla-2023-09-25-a-las-11.50.49.png\" alt=\"Captura de pantalla 2023-09-25 a las 11.50.49\" \/><\/figure><\/div><div class=\"swiper-slide\" role=\"group\" aria-roledescription=\"slide\" aria-label=\"5 of 11\"><figure class=\"swiper-slide-inner\"><img decoding=\"async\" class=\"swiper-slide-image\" src=\"http:\/\/www.ceamtraining.com\/wp-content\/uploads\/2023\/09\/Captura-de-pantalla-2023-09-25-a-las-11.50.59.png\" alt=\"Captura de pantalla 2023-09-25 a las 11.50.59\" \/><\/figure><\/div><div class=\"swiper-slide\" role=\"group\" aria-roledescription=\"slide\" aria-label=\"6 of 11\"><figure class=\"swiper-slide-inner\"><img decoding=\"async\" class=\"swiper-slide-image\" src=\"http:\/\/www.ceamtraining.com\/wp-content\/uploads\/2023\/09\/Captura-de-pantalla-2023-09-25-a-las-11.52.20.png\" alt=\"Captura de pantalla 2023-09-25 a las 11.52.20\" \/><\/figure><\/div><div class=\"swiper-slide\" role=\"group\" aria-roledescription=\"slide\" aria-label=\"7 of 11\"><figure class=\"swiper-slide-inner\"><img decoding=\"async\" class=\"swiper-slide-image\" src=\"http:\/\/www.ceamtraining.com\/wp-content\/uploads\/2023\/09\/Captura-de-pantalla-2023-09-25-a-las-11.53.18.png\" alt=\"Captura de pantalla 2023-09-25 a las 11.53.18\" \/><\/figure><\/div><div class=\"swiper-slide\" role=\"group\" aria-roledescription=\"slide\" aria-label=\"8 of 11\"><figure class=\"swiper-slide-inner\"><img decoding=\"async\" class=\"swiper-slide-image\" src=\"http:\/\/www.ceamtraining.com\/wp-content\/uploads\/2023\/09\/Captura-de-pantalla-2023-09-25-a-las-11.53.34.png\" alt=\"Captura de pantalla 2023-09-25 a las 11.53.34\" \/><\/figure><\/div><div class=\"swiper-slide\" role=\"group\" aria-roledescription=\"slide\" aria-label=\"9 of 11\"><figure class=\"swiper-slide-inner\"><img decoding=\"async\" class=\"swiper-slide-image\" src=\"http:\/\/www.ceamtraining.com\/wp-content\/uploads\/2023\/09\/Captura-de-pantalla-2023-09-25-a-las-11.53.48.png\" alt=\"Captura de pantalla 2023-09-25 a las 11.53.48\" \/><\/figure><\/div><div class=\"swiper-slide\" role=\"group\" aria-roledescription=\"slide\" aria-label=\"10 of 11\"><figure class=\"swiper-slide-inner\"><img decoding=\"async\" class=\"swiper-slide-image\" src=\"http:\/\/www.ceamtraining.com\/wp-content\/uploads\/2023\/09\/Captura-de-pantalla-2023-09-25-a-las-11.54.21.png\" alt=\"Captura de pantalla 2023-09-25 a las 11.54.21\" \/><\/figure><\/div><div class=\"swiper-slide\" role=\"group\" aria-roledescription=\"slide\" aria-label=\"11 of 11\"><figure class=\"swiper-slide-inner\"><img decoding=\"async\" class=\"swiper-slide-image\" src=\"http:\/\/www.ceamtraining.com\/wp-content\/uploads\/2023\/09\/Captura-de-pantalla-2023-09-25-a-las-11.54.37.png\" alt=\"Captura de pantalla 2023-09-25 a las 11.54.37\" \/><\/figure><\/div>\t\t\t<\/div>\n\t\t\t\t\t\t\t\t\t\t\t\t<div class=\"elementor-swiper-button elementor-swiper-button-prev\" role=\"button\" tabindex=\"0\">\n\t\t\t\t\t\t<i aria-hidden=\"true\" class=\"eicon-chevron-left\"><\/i>\t\t\t\t\t<\/div>\n\t\t\t\t\t<div class=\"elementor-swiper-button elementor-swiper-button-next\" role=\"button\" tabindex=\"0\">\n\t\t\t\t\t\t<i aria-hidden=\"true\" class=\"eicon-chevron-right\"><\/i>\t\t\t\t\t<\/div>\n\t\t\t\t\n\t\t\t\t\t\t\t\t\t<div class=\"swiper-pagination\"><\/div>\n\t\t\t\t\t\t\t\t\t<\/div>\n\t\t\t\t\t\t<\/div>\n\t\t\t\t<\/div>\n\t\t\t\t\t<\/div>\n\t\t<\/div>\n\t\t\t\t\t<\/div>\n\t\t<\/section>\n\t\t\t\t<\/div>\n\t\t","protected":false},"excerpt":{"rendered":"<p>Reuni\u00f3n de inicio de la temporada 23-24 con: atletas y staff t\u00e9cnico (entrenadores, colaboradores y convenios).En la sala de formaci\u00f3n de la Mar Bella, se asentaron las bases organizativas de la temporada. Donde un gran equipo ser\u00e1 la herramienta principal de los atletas para su mejor desarrollo.: CEAM &#8211; Spot 30seg Atletismo y Redise\u00f1o Logo &hellip; <\/p>\n<p class=\"link-more\"><a href=\"http:\/\/www.ceamtraining.com\/index.php\/presentacion-de-la-temporada\/\" class=\"more-link\">Read more<span class=\"screen-reader-text\"> &#8220;Presentaci\u00f3n de la temporada&#8221;<\/span><\/a><\/p>\n","protected":false},"author":1,"featured_media":0,"parent":0,"menu_order":0,"comment_status":"closed","ping_status":"closed","template":"","meta":{"_monsterinsights_skip_tracking":false,"_monsterinsights_sitenote_active":false,"_monsterinsights_sitenote_note":"","_monsterinsights_sitenote_category":0,"footnotes":""},"class_list":["post-759","page","type-page","status-publish","hentry"],"aioseo_notices":[],"_links":{"self":[{"href":"http:\/\/www.ceamtraining.com\/index.php\/wp-json\/wp\/v2\/pages\/759","targetHints":{"allow":["GET"]}}],"collection":[{"href":"http:\/\/www.ceamtraining.com\/index.php\/wp-json\/wp\/v2\/pages"}],"about":[{"href":"http:\/\/www.ceamtraining.com\/index.php\/wp-json\/wp\/v2\/types\/page"}],"author":[{"embeddable":true,"href":"http:\/\/www.ceamtraining.com\/index.php\/wp-json\/wp\/v2\/users\/1"}],"replies":[{"embeddable":true,"href":"http:\/\/www.ceamtraining.com\/index.php\/wp-json\/wp\/v2\/comments?post=759"}],"version-history":[{"count":9,"href":"http:\/\/www.ceamtraining.com\/index.php\/wp-json\/wp\/v2\/pages\/759\/revisions"}],"predecessor-version":[{"id":784,"href":"http:\/\/www.ceamtraining.com\/index.php\/wp-json\/wp\/v2\/pages\/759\/revisions\/784"}],"wp:attachment":[{"href":"http:\/\/www.ceamtraining.com\/index.php\/wp-json\/wp\/v2\/media?parent=759"}],"curies":[{"name":"wp","href":"https:\/\/api.w.org\/{rel}","templated":true}]}}